
What is the greatest common divisor of 6 and 598278?
6
What is the greatest common divisor of 410856 and 13091?
1007
What is the highest common divisor of 369 and 29069?
41
What is the greatest common divisor of 6 and 137937?
3
What is the greatest common divisor of 144 and 263592?
72
Calculate the highest common factor of 187543 and 22707.
841
What is the greatest common divisor of 21707 and 441?
49
Calculate the highest common divisor of 31608 and 30.
6
Calculate the greatest common divisor of 401085 and 585.
45
Calculate the highest common divisor of 15932 and 140.
28
What is the greatest common divisor of 36182 and 8702?
458
Calculate the highest common divisor of 63 and 6336.
9
What is the highest common factor of 891 and 594?
297
Calculate the greatest common divisor of 5621 and 219.
73
What is the greatest common divisor of 50369 and 418?
209
Calculate the highest common divisor of 2431 and 315601.
143
Calculate the highest common factor of 7112 and 328.
8
Calculate the greatest common factor of 60006 and 438.
438
What is the greatest common factor of 259 and 3463607?
259
Calculate the highest common divisor of 2436 and 7206500.
812
What is the greatest common divisor of 3380 and 308425?
845
Calculate the highest common factor of 548274 and 7398.
822
What is the highest common factor of 98 and 1967399?
49
What is the greatest common divisor of 509922 and 8208?
1026
Calculate the greatest common factor of 1071 and 512771.
119
Calculate the greatest common factor of 737 and 451.
11
What is the greatest common factor of 97947 and 18?
9
Calculate the greatest common divisor of 291570 and 930.
30
What is the greatest common divisor of 5687 and 78408?
121
Calculate the greatest common divisor of 14 and 2251.
1
Calculate the highest common divisor of 126387 and 54.
27
What is the greatest common divisor of 13392 and 600?
24
Calculate the highest common factor of 15 and 1278015.
15
What is the highest common divisor of 114 and 48108?
114
What is the greatest common divisor of 390 and 1461070?
130
Calculate the greatest common factor of 5075 and 850.
25
Calculate the highest common divisor of 4790 and 355.
5
What is the highest common divisor of 733693 and 1903?
173
Calculate the highest common factor of 28321 and 3568.
223
Calculate the greatest common divisor of 3293 and 592.
37
What is the highest common divisor of 51 and 34833?
51
Calculate the highest common divisor of 2610 and 2117.
29
What is the greatest common factor of 31983 and 1869?
21
Calculate the greatest common divisor of 126117 and 519.
519
What is the highest common divisor of 245728 and 64?
32
Calculate the highest common divisor of 106 and 3064354.
106
What is the greatest common factor of 60 and 34180?
20
Calculate the highest common factor of 19 and 369018.
19
Calculate the highest common factor of 4208 and 32349.
263
Calculate the greatest common divisor of 3328 and 3796.
52
Calculate the greatest common divisor of 14025 and 51051.
561
Calculate the greatest common divisor of 12349 and 10485.
233
What is the greatest common factor of 1271 and 1333?
31
Calculate the highest common factor of 4050 and 32850.
450
What is the greatest common factor of 44822 and 2456?
614
What is the highest common divisor of 25746 and 18102?
42
Calculate the highest common factor of 74 and 3367.
37
Calculate the greatest common divisor of 350 and 6916.
14
Calculate the greatest common divisor of 5 and 781580.
5
Calculate the highest common factor of 24600 and 4510.
410
Calculate the greatest common factor of 77 and 11539.
11
Calculate the greatest common factor of 18 and 25158.
6
What is the highest common factor of 153 and 230265?
153
What is the highest common factor of 1518 and 630476?
506
What is the greatest common factor of 478348 and 78?
26
Calculate the greatest common divisor of 108604 and 76.
76
Calculate the highest common factor of 5675 and 1175.
25
What is the greatest common divisor of 13 and 1676883?
13
Calculate the greatest common divisor of 5015 and 1360.
85
Calculate the highest common factor of 160 and 2864.
16
Calculate the greatest common factor of 123388 and 1526.
218
What is the highest common factor of 959268 and 2?
2
Calculate the highest common factor of 1102 and 2407.
29
Calculate the highest common factor of 448 and 3077760.
448
Calculate the highest common divisor of 1143045 and 15.
15
What is the highest common divisor of 66 and 152361?
33
What is the greatest common factor of 18 and 107469?
9
What is the greatest common divisor of 104 and 1163?
1
What is the highest common factor of 42 and 3351292?
14
Calculate the highest common divisor of 17730 and 7.
1
Calculate the greatest common factor of 8523550 and 1225.
1225
What is the highest common factor of 222409 and 297?
11
What is the greatest common factor of 312 and 4236?
12
What is the greatest common divisor of 40352 and 24?
8
Calculate the highest common factor of 12100 and 40.
20
What is the highest common factor of 4510 and 2090?
110
What is the greatest common factor of 7470 and 10890?
90
Calculate the greatest common divisor of 284 and 421101.
71
Calculate the greatest common divisor of 217378 and 14.
14
Calculate the greatest common divisor of 678 and 654.
6
What is the highest common factor of 92722 and 296?
74
What is the greatest common divisor of 1170 and 414?
18
Calculate the greatest common divisor of 15 and 108249.
3
Calculate the highest common divisor of 24 and 19158.
6
What is the highest common factor of 1350 and 51550?
50
Calculate the highest common factor of 517 and 26125.
11
Calculate the greatest common factor of 3228 and 640.
4
Calculate the greatest common divisor of 24384 and 10922.
254
What is the highest common divisor of 1956 and 27900?
12
What is the highest common divisor of 206 and 138?
2
What is the greatest common divisor of 9682 and 18894?
94
What is the greatest common divisor of 143885 and 840?
35
What is the highest common divisor of 966 and 18312?
42
What is the greatest common factor of 967595 and 45?
5
What is the greatest common factor of 105 and 617055?
15
What is the highest common divisor of 204 and 99348?
204
What is the highest common divisor of 3897543 and 39?
39
What is the greatest common divisor of 16 and 17656?
8
What is the greatest common factor of 352 and 512224?
32
Calculate the greatest common divisor of 1610 and 6055.
35
What is the greatest common factor of 2951 and 104?
13
What is the highest common factor of 791 and 56?
7
Calculate the greatest common factor of 9608676 and 77.
77
Calculate the highest common divisor of 1355459 and 161.
161
Calculate the highest common factor of 63346 and 114.
38
Calculate the greatest common factor of 3 and 59277.
3
What is the greatest common divisor of 15520 and 66930?
970
Calculate the greatest common divisor of 6215 and 2585.
55
What is the greatest common divisor of 65035 and 5?
5
What is the greatest common factor of 621918 and 132?
66
What is the greatest common divisor of 99992 and 464?
232
Calculate the highest common factor of 290 and 3896846.
58
What is the greatest common divisor of 10 and 9245120?
10
Calculate the greatest common divisor of 251735 and 92.
23
What is the greatest common divisor of 1827 and 59479?
203
Calculate the highest common factor of 115138 and 782.
46
Calculate the highest common factor of 1343 and 340.
17
Calculate the highest common divisor of 2856 and 6244.
28
What is the highest common factor of 2 and 395124?
2
Calculate the greatest common factor of 418 and 14839.
209
What is the highest common factor of 88073 and 2349?
29
Calculate the greatest common divisor of 51250 and 11070.
410
What is the highest common divisor of 1802 and 8908?
34
What is the greatest common factor of 398896 and 128?
16
Calculate the greatest common factor of 100 and 17126.
2
Calculate the highest common factor of 235914 and 3690.
246
Calculate the greatest common factor of 1134 and 18417.
21
What is the greatest common factor of 5566709 and 59?
59
Calculate the greatest common divisor of 867 and 177.
3
Calculate the greatest common factor of 12079 and 18247.
257
What is the highest common divisor of 908028 and 1188?
396
What is the highest common divisor of 33488 and 805?
161
What is the highest c